{"id":1352,"date":"2017-02-16T22:11:18","date_gmt":"2017-02-16T22:11:18","guid":{"rendered":"http:\/\/www.ezs-rep24.de\/wordpress\/?page_id=1352"},"modified":"2017-02-27T09:22:05","modified_gmt":"2017-02-27T09:22:05","slug":"mercedes-c-w203","status":"publish","type":"page","link":"https:\/\/www.ezs-rep24.de\/wordpress\/?page_id=1352","title":{"rendered":"Mercedes C W203"},"content":{"rendered":"<p style=\"text-align: justify;\">Mercedes EZS\/ELV Reparatur Sie k\u00f6nnen Ihr Fahrzeug nicht mehr mit dem Funkschl\u00fcssel \u00f6ffnen? Oder Ihr Z\u00fcndschl\u00fcssel l\u00e4sst sich nicht mehr im Z\u00fcndschloss (EZS) drehen? Der Schl\u00fcssel wird sogar gar nicht erkannt und die EZS reagiert gar nicht? Die Lenkradverriegelung (ELV) entriegelt nicht? Meistens tritt der Fehler sporadisch auf und wird irgendwann zum Dauerproblem!<\/p>\n<p style=\"text-align: justify;\">Die Ursache f\u00fcr diesen Fehler liegt meistens in dem Z\u00fcndschloss, der sogenannten EZS oder der ELV. Da die Reparatur in der Fachwerkstatt meistens den finanziellen Rahmen sprengt und leicht Kosten von bis zu 1200 \u20ac verursacht, haben wir uns auf die Reparatur Ihrer EZS\/ELV spezialisiert.<\/p>\n<p><iframe loading=\"lazy\" src=\"https:\/\/www.youtube.com\/embed\/eRi3KVdU6Q0\" height=\"315\" width=\"560\" allowfullscreen=\"\" frameborder=\"0\"><\/iframe><\/p>\n<p style=\"text-align: justify;\">Mit unserer langj\u00e4hrigen Erfahrung im Bereich KFZ-Programmierung bringen wir das n\u00f6tige Wissen und Know-How um Ihnen eine kosteng\u00fcnstige Reparatur zu erm\u00f6glichen! Um eine einwandfreie Reparatur zu gew\u00e4hrleisten, ben\u00f6tigen wir die EZS (Z\u00fcndschloss), die ELV (Lenkradverriegelung) und s\u00e4mtliche dazugeh\u00f6rige Schl\u00fcssel. Nach unserer Reparatur ist kein codieren\/anlernen mehr n\u00f6tig! Wir nutzen die vorhanden Daten Ihrer EZS, sodass Sie nach der Reparatur nichts mehr tun m\u00fcssen, au\u00dfer die EZS einzubauen und Ihr Fahrzeug mit Vergn\u00fcgen zu starten. Kontaktieren Sie uns per Mail oder Telefon um einen Termin zu vereinbaren<\/p>\n","protected":false},"excerpt":{"rendered":"<p>Mercedes EZS\/ELV Reparatur Sie k\u00f6nnen Ihr Fahrzeug nicht mehr mit dem Funkschl\u00fcssel \u00f6ffnen? Oder Ihr Z\u00fcndschl\u00fcssel l\u00e4sst sich nicht mehr im Z\u00fcndschloss (EZS) drehen? Der Schl\u00fcssel wird sogar gar nicht erkannt und die EZS reagiert gar nicht? Die Lenkradverriegelung (ELV) &hellip; <a href=\"https:\/\/www.ezs-rep24.de\/wordpress\/?page_id=1352\">Continue reading <span class=\"meta-nav\">&rarr;<\/span><\/a><\/p>\n","protected":false},"author":1,"featured_media":0,"parent":0,"menu_order":0,"comment_status":"closed","ping_status":"closed","template":"sidebar-page.php","meta":[],"_links":{"self":[{"href":"https:\/\/www.ezs-rep24.de\/wordpress\/index.php?rest_route=\/wp\/v2\/pages\/1352"}],"collection":[{"href":"https:\/\/www.ezs-rep24.de\/wordpress\/index.php?rest_route=\/wp\/v2\/pages"}],"about":[{"href":"https:\/\/www.ezs-rep24.de\/wordpress\/index.php?rest_route=\/wp\/v2\/types\/page"}],"author":[{"embeddable":true,"href":"https:\/\/www.ezs-rep24.de\/wordpress\/index.php?rest_route=\/wp\/v2\/users\/1"}],"replies":[{"embeddable":true,"href":"https:\/\/www.ezs-rep24.de\/wordpress\/index.php?rest_route=%2Fwp%2Fv2%2Fcomments&post=1352"}],"version-history":[{"count":2,"href":"https:\/\/www.ezs-rep24.de\/wordpress\/index.php?rest_route=\/wp\/v2\/pages\/1352\/revisions"}],"predecessor-version":[{"id":1392,"href":"https:\/\/www.ezs-rep24.de\/wordpress\/index.php?rest_route=\/wp\/v2\/pages\/1352\/revisions\/1392"}],"wp:attachment":[{"href":"https:\/\/www.ezs-rep24.de\/wordpress\/index.php?rest_route=%2Fwp%2Fv2%2Fmedia&parent=1352"}],"curies":[{"name":"wp","href":"https:\/\/api.w.org\/{rel}","templated":true}]}}